ctors of s(13)?
2, 5, 23
Let c(v) = 11*v**2 - 17*v - 3. Let o be c(15). List the prime factors of o/5 + 4/(-10).
443
Let v = -746 + 5688. Let n = v - 3061. What are the prime factors of n?
3, 11, 19
Let v(a) = -84*a**3 - a**2 - 7*a + 26. List the prime factors of v(-4).
2, 2707
Suppose -2*c = 28 + 20. Let l be (6/(-8))/(122/c + 5). Suppose -l*s = 91 - 1576. What are the prime factors of s?
3, 5, 11
Suppose -6*v = -12*v - m + 24432, -5*v = -3*m - 20383. What are the prime factors of v?
4073
Let a(b) = 9*b**2 - 13*b - 22. List the prime factors of a(-10).
2, 3, 7
Let g(x) = 2*x**3 + 7*x**2 - x - 3. Let b be g(-3). Let r(j) = -j**2 + 10*j - 2. Let a be r(b). Suppose -a*d + 10*d - 312 = 0. List the prime factors of d.
2, 13
Suppose 4*c - 10056 = -4*g, 4*c - 7535 = -139*g + 136*g. What are the prime factors of g?
2521
Let z(u) = u + 6*u - 2*u - 6 - 3*u. Let b be z(4). List the prime factors of (9/6)/((-1)/b)*-43.
3, 43
Suppose -4*v + 84 = 2*v. Suppose -51*b = -v*b - 23754. What are the prime factors of b?
2, 3, 107
Let i be (24/10)/(-2)*(70 + -75). Suppose 0 = -a + 5*q + 245, 2*a - i*q - 490 = -9*q. What are the prime factors of a?
5, 7
Let o be (-4)/6*(5 + -3 + -11). List the prime factors of 21424/144 + o/27.
149
Let x(y) = y**2 - 24*y + 23. Let w be x(23). Let l be 1055 + (1 + w)*1. Suppose 0 = n - 9*n + l. What are the prime factors of n?
2, 3, 11
Let v = -9727 + 18160. What are the prime factors of v?
3, 937
Let t = -61722 - -97117. List the prime factors of t.
5, 7079
Suppose -5*t - d + 7 = -3*t, -2*d + 10 = 3*t. Suppose t*z - 3*c = 1159, -3*c + 301 = -0*z + z. Let x = z + -203. What are the prime factors of x?
89
Suppose 8*m - 3*m = -745. Let g = 250 + m. Suppose -g = -5*f + 4*f. List the prime factors of f.
101
Let o(h) = 4*h**2 + 16*h + 20. Let i be o(-8). Suppose r - 1448 = 2*s + i, 6396 = 4*r + 4*s. What are the prime factors of r?
2, 17, 47
Let t be 2 - (36/(-66) - (-14657)/(-11)). Let s = t - 571. What are the prime factors of s?
2, 191
Let y(m) be the first derivative of m**4/4 - 5*m**3/3 + 2*m**2 + 2*m + 13. Let t be y(4). Suppose -l = t*l - 153. List the prime factors of l.
3, 17
Suppose -4*o + 44*y - 4 = 42*y, o + 3*y = -8. What are the prime factors of -2 - 1300/(o + -2)?
17, 19
Suppose 0 = 5*k + h - 13, -11*h + 7 = -k - 8*h. Suppose k*i + 36 = 11*i. List the prime factors of i.
2
Suppose 684 = -0*n + 6*n. Let x(q) = -101 + n + 14*q + 2*q. List the prime factors of x(4).
7, 11
Let o(f) = 3*f**2 - 45. Let p be o(0). Let q = 39 + p. List the prime factors of 1208/12 + (-2)/q.
101
Let w = 19 - 15. Suppose -w*q - 175 - 1398 = -3*t, 4*q = 20. List the prime factors of t.
3, 59
What are the prime factors of (-134)/603 - 2/((-72)/621188)?
5, 7, 17, 29
Suppose -2*j + 5*p = 2*j - 22191, -11113 = -2*j - p. List the prime factors of j.
2, 2777
Let x(h) = -h**3 - 5*h**2 + 2*h - 7. Let u be x(-6). Let v(p) = -p**2 + 18*p - 14. Let m be v(u). Suppose 15 + 3 = m*j. List the prime factors of j.
2, 3
Let s = -43 - -50. Suppose s*h - 613 = 1655. Suppose 361 = y + h. What are the prime factors of y?
37
Suppose -4*k + 4*w = 4, -6*w - 25 = -w. Let s = 12 + k. Let q = 18 - s. What are the prime factors of q?
2, 3
Let m(c) = 278*c**3 - 4*c**2 + 2*c + 1. Let r = -49 - -50. List the prime factors of m(r).
277
Suppose 0 = -2*y + 6*y + 40. Let t(k) be the third derivative of -2*k**4/3 + 8*k**3/3 + 2*k**2. What are the prime factors of t(y)?
2, 11
Let q(k) = 32*k**2 + 170*k - 92. What are the prime factors of q(-30)?
2, 13, 227
Suppose 144*q - 108*q - 1514772 = 0. List the prime factors of q.
7, 6011
Suppose m - 2105 = -3*r, -3*r - r = 3*m - 2815. Let x = -297 + r. List the prime factors of x.
13, 31
Suppose -14*k = 89 - 159. List the prime factors of 2344/6*(8 - k).
2, 293
Let m(x) = 19*x**3 - 5*x**2 + 20*x + 28. What are the prime factors of m(10)?
2, 2341
What are the prime factors of -42293*(-6)/3*(-2)/(-4)?
42293
Let u(t) = 9*t**2 - 76*t - 467. List the prime factors of u(-6).
313
Let y(i) = -i + 1. Let w(p) = -p**2 - 17*p - 53. Let n(q) = w(q) + 5*y(q). List the prime factors of n(-15).
3, 19
Suppose 0 = -5*l - 20, 4*n + 7034 = -5*l + 40298. List the prime factors of n.
53, 157
Suppose 0 = -2*r - 57*n + 60*n + 29709, 3*n + 14862 = r. List the prime factors of r.
3, 7, 101
Let s = 199 + -37. Suppose -2*o + 782 = s. What are the prime factors of o?
2, 5, 31
Let d(p) = 29*p + 16. Let o be d(-1). Let m(t) = -43*t - 20. What are the prime factors of m(o)?
7, 11
Suppose 59*h + 64356 - 298995 = -34*h. What are the prime factors of h?
3, 29
Let l(c) = c**2 + 38*c + 69. Let k be l(-36). List the prime factors of (0 - -107) + k + 0.
2, 13
Let p = -609 + 852. Let d = p - -287. What are the prime factors of d?
2, 5, 53
Suppose -216 = 5*h + 914. Suppose 12*j - 16*j = 584. Let o = j - h. List the prime factors of o.
2, 5
Suppose -2*g - 5*h + 8616 = 0, 6*g - 2*h - 17208 = 2*g. What are the prime factors of g?
13, 331
Let u = -4 - -64. Let x = u - -111. What are the prime factors of x?
3, 19
Suppose 6*t - 16*t + 140 = 0. Let m(j) = -4*j + 56. Let b be m(t). Suppose 3*r + b*a = -a + 328, 118 = r - 4*a. What are the prime factors of r?
2, 5, 11
Let n(k) = 31*k + 3. Let s(w) be the first derivative of -w**4/4 - 7*w**3/3 - 3*w**2/2 + 20*w - 16. Let r be s(-6). What are the prime factors of n(r)?
5, 13
Let g = -1408 + 1996. Let a = g - 332. What are the prime factors of a?
2
Let o(u) = -u**3 + 76*u**2 - 142*u + 288. List the prime factors of o(57).
3, 5, 719
Suppose -21652 = -27*p + 82703. List the prime factors of p.
5, 773
Let m(b) = -b**2 - 19*b + 94. Let f be m(-23). List the prime factors of (2 + 7/f)/(55/3410).
11, 31
Let a(w) = 4 + 5*w - w**3 + 0 + 0 - 4*w**2. Let r be a(-5). Suppose 228 = r*d - d. What are the prime factors of d?
2, 19
Let i = -24445 - -41067. List the prime factors of i.
2, 8311
Let p(q) = 3*q - 1. Let v be p(4). Let c(s) = -s**2 + 25*s + 60. Let h be c(26). Let r = v + h. List the prime factors of r.
3, 5
Suppose 14*k - 5944 = 84089 + 16255. List the prime factors of k.
2, 13, 73
Suppose 2906 = x - o, -5*o + 1229 + 4548 = 2*x. What are the prime factors of x?
3, 967
Suppose -o - 4*s = -3, -11 = 2*s - 5. List the prime factors of 2304/o + (-3)/5.
3, 17
Let l(c) = c**3 - 3*c**2. Let a be l(3). Let g be 0 + a + -2 + 4. List the prime factors of (246*(-8)/(-12))/g.
2, 41
Let o = 9575 - -22202. List the prime factors of o.
43, 739
Suppose -3331 = -31*n + 25003. Suppose 2*l + 2*i - 1817 = 13, n = l + 2*i. List the prime factors of l.
2, 229
Let q be 3/(-12) - ((-6)/(-8))/(-3). Suppose q = -2*d + 8, -3*a = d - 285 - 295. Suppose -19*h - a = -20*h. What are the prime factors of h?
2, 3
Let g be (11 + -5 - 3) + (1 - -5536). Let h = g + 9070. List the prime factors of (-4)/18 + h/135.
2, 3
Suppose 654 = 3*n + 3*d, 132 = 3*n - 5*d - 530. Suppose -n = -16*j + 405. List the prime factors of j.
3, 13
Let h(p) = -57*p + 5 - 7*p - 5. Let k be h(-1). Suppose 4*c = -5*a + k, -c - 36 = -a - a. List the prime factors of a.
2
Suppose -2923 - 36752 = -4*a + 3*j, -2*j + 59480 = 6*a. What are the prime factors of a?
3, 5, 661
Let j be (-42)/(-4)*8/6. Let o(q) = q**3 - 15*q**2 + 32*q - 8. What are the prime factors of o(j)?
2, 61
Let l(f) = -3*f - 11*f + 3*f + 3*f**2 - 3 - 61. List the prime factors of l(15).
2, 223
Let h = -283 + 288. Suppose -699 - 298 = -2*w + r, 4*w - h*r = 2003. List the prime factors of w.
7, 71
Let f = 153 - 150. Suppose j - 118 = -f*m, -m - 5 = -2*m. List the prime factors of j.
103
Suppose 0*t + 4*b - 8 = -2*t, t + 3*b - 4 = 0. Suppose 3*j - 5*z = 22, -2*z = j - 18 - t. List the prime factors of (262 - 0)*(-3 - j/(-4)).
131
Suppose 8*q - 16 = 16*q. Let v = 5 - q. Suppose 204 = -4*x + v*x. List the prime factors of x.
2, 17
Suppose -3144 = -9*a + 2481. List the prime factors of a.
5
Suppose -102326 = 88*w - 382254. What are the prime factors of w?
3181
Suppose b = 3, 0 = 4*g - 2*b + 16 + 30. Let w = g - 85. Let x = w - -218. What are the prime factors of x?
3, 41
Let u(a) = 10*a - 6. Let j be u(1). Let w(x) = x**2 - 13 + j + 1 - 20*x. What are the prime factors of w(-7)?
181
Let a be ((-12)/8)/((-6)/1304). Let k = a - 169. List the prime factors of k.
157
Suppose 32 = 3*k - 0*k + 5*y, -k - 16 = -5*y. Let p(r) = -3 - 1 + 21*r + 2*r. What are 